Let y(s) = s**3 - 7*s**2 + 2*s + 1. Let t(q) = q**3 - 7*q**2 + 3*q + 1. Let a(o) = -3*t(o) + 2*y(o). What is a(6)?
5
Suppose 16 = -9*x + 34. Let f(s) = -s - 1. Let w(l) = -9*l - 10. Let i(m) = 22*f(m) - 2*w(m). Calculate i(x).
-10
Let s(w) = -9*w + 34. Let c be s(3). Let f(h) = -h + 8. Determine f(c).
1
Let u(w) be the second derivative of w**2 - 3*w + 5/6*w**3 + 0 + 1/6*w**4. Determine u(-4).
14
Let r(k) be the second derivative of -1/6*k**3 - 18*k - k**2 + 0 + 1/12*k**4. What is r(4)?
10
Let b(p) = 110*p - 30*p - 79*p. Calculate b(3).
3
Let y = 6 + -2. Let x = -21 - -26. Let i(w) = 7*w**2 + 0*w**3 + 9 + x*w - 15 - 4*w**2 - w**3. Give i(y).
-2
Let d(v) = 3*v**2 + 26*v + 81. Let f(r) = -2*r**2 - 14*r - 41. Let h(g) = -3*d(g) - 5*f(g). Give h(11).
-5
Suppose l + 71 = 72. Suppose c = -1 - l. Let z(o) = 3 - 3*o**2 - o - 1 + o**2. Give z(c).
-4
Let f(b) be the first derivative of -b**4/2 - b**3 - b**2 + b - 10. Determine f(-2).
9
Suppose -3*b - 2*u + 11 = 0, -b - 2*u - 3 = 2*u. Let f(k) be the second derivative of -2/3*k**3 + 1/12*k**4 - 2*k**2 + k + 0. Give f(b).
1
Let x(m) = -3*m**2 - 13*m + 4*m**2 + 16*m - 1. Give x(2).
9
Let x(y) = 3*y**3 + 9*y**2 - 3*y - 12. Let b be x(-2). Let m(a) = -a**3 + 6*a**2 - 6*a + 31. Give m(b).
-5
Let y(m) be the third derivative of -m**5/30 - 5*m**4/24 - m**3/2 + 5*m**2. Suppose 3 = 2*q - 1. Suppose 4 = -q*i - 2. Calculate y(i).
-6
Let i(t) = -2*t - 5. Let j(w) = 3*w + 26. Let z(f) = -3*i(f) - j(f). Calculate z(-11).
-44
Let s(q) = -q**2 + 6*q - 1. Let o(x) = -x**2 + 7*x + 35. Let a be o(10). Determine s(a).
4
Let m(t) = t**3 - t**2 - 1. Let q(n) = -4*n**3 + 4*n**2 + n + 3. Let r(b) = -3*m(b) - q(b). Suppose -12 = -2*z - 6. Calculate r(z).
15
Let f(t) be the third derivative of -t**6/360 + t**5/24 + t**4/4 - 11*t**3/3 - t**2 - 2*t. Let c(u) be the first derivative of f(u). Calculate c(5).
6
Let v(t) = -3*t**3 - t**2 + 6*t - 5. Let i(h) = h**3 - 3*h + 2. Let z(s) = 5*s**2 + 3*s + 3. Let j be z(-1). Let u(r) = j*i(r) + 2*v(r). What is u(-3)?
18
Let z = -882 + 870. Let a(s) = -s**2 - 13*s - 7. Give a(z).
5
Suppose z = -m + 3*m + 5, 2 = -2*z - 2*m. Let x(p) be the third derivative of p**5/15 - p**4/12 + p**3/6 + 103*p**2. Give x(z).
3
Let y(l) = -l**3 - 13*l**2 - 2*l - 22. Let f be y(-13). Let p(a) be the second derivative of a**4/12 - 4*a**3/3 - a**2/2 - 2*a. Determine p(f).
-17
Let i(c) be the first derivative of -c**2 - 13. Give i(4).
-8
Let k(p) be the third derivative of -13*p**6/720 - p**4/12 - 22*p**2. Let u(x) be the second derivative of k(x). Determine u(-1).
13
Let w(t) be the first derivative of -2*t**3/3 - 2*t**2 + t - 2. Let j(y) = -7*y**3 - 12*y**2 + 5*y - 1. Let g be j(-2). Determine w(g).
-5
Let c(x) = -x**2 - 3*x - 1 + 9*x - 2. Suppose 148 - 153 = 5*j, 4*k + 3*j - 25 = 0. What is c(k)?
-10
Suppose -4*o + 3*y = 4*y - 10, 3*y = 5*o - 4. Let j(z) = -z**2 - z**3 + 0*z**o - 2*z**2 + 3*z. Calculate j(-4).
4
Let l be (-2 - 1 - -11) + -3. Suppose 0 = l*a + 5*c - c - 25, -3*a = -2*c + 7. Let g be 3 - (1 - (3 - a)). Let t(n) = n**2 - 2*n + 5. Calculate t(g).
13
Let r = 0 - -3. Let f be r/9 + 119/21. Suppose 5*a - 5*y + 5 = -0, 2*y - f = 3*a. Let v(x) = -x**3 - 5*x**2 - 3*x - 2. Determine v(a).
-6
Let c(b) be the second derivative of b**5/20 + b**4/4 - b**3/2 - 2*b**2 - 3*b. Let i be -8 - (4 + -1 + 0 + -7). Give c(i).
-8
Let p(v) = 13*v - 9. Let c(d) = -7*d + 5. Let q(l) = -11*c(l) - 6*p(l). Let y = 30 + -40. Let g be y/25*-5 - 1. Give q(g).
-2
Let x(c) = -4*c**3 - c**2 + 3*c - 2. Let i be x(-2). Suppose -2*l + i - 16 = 0. Let t(v) = v**3 - v**2 + v - 1. Calculate t(l).
5
Let u(p) be the first derivative of -3*p**2/2 - 5*p + 222. Give u(5).
-20
Let u be 2/(-3) + (-34)/(-6). Suppose -2*g - 3*g + 5*f = 10, -2*f = 2*g - 12. Let w(j) = 14*j**g - 2 - 28*j**2 + 1 - 3*j + 15*j**2. What is w(u)?
9
Let w(f) = -f**2 + 8*f - 3. Let b(n) = -n**2 - 10*n - 12. Let q be b(-6). Suppose 2*o + 0 - q = 0. What is w(o)?
9
Let u(h) = 9*h + 1. Let m(s) = -44*s - 8. Let w(v) = -m(v) - 5*u(v). What is w(6)?
-3
Let h(i) be the second derivative of -2*i - 1/2*i**2 + 0 + 1/6*i**3. Suppose -3*u = 14*u - 8*u + 63. Give h(u).
-8
Let k(r) = 16*r - 4. Let l(v) = -2*v. Let y(q) = -11*q - 2. Let c(n) = -18*l(n) + 2*y(n). Let d(j) = 7*c(j) - 6*k(j). Calculate d(-6).
-16
Let y(z) = -3*z + 2. Let i(r) = 2*r - 27. Let q(j) = -i(j) + y(j). Give q(6).
-1
Let x(r) = 3*r - 5. Suppose 0 = 4*w + 5*z - 3*z - 16, 2*w = 4*z - 12. Let j be x(w). Let p(q) = 8*q**3 - q**2. Give p(j).
7
Let s(f) = 6*f**3 - 9*f - 7. Let x(u) = -5*u**3 - u**2 + 8*u + 7. Let a(w) = -6*s(w) - 7*x(w). Determine a(6).
17
Let h(u) = 3*u**2 - 3*u**3 + 6*u - 11*u**2 + 3 + 4*u**3 + 27 - 2*u. Determine h(7).
9
Let a(b) = -22*b + 0 + 7*b - 1 - 4*b. Give a(1).
-20
Let z(m) be the third derivative of m**5/60 - m**4/8 + 444*m**2. Let s(d) = -3*d**2 + 2. Let h be s(-2). Let v = h - -14. Determine z(v).
4
Let f(z) = -11*z + 7*z + 2 - z**3 - 4*z + 7*z. Calculate f(0).
2
Let w be 65/(-10) + (-1)/(-2). Let g(x) = 3*x**3 - 9*x**2 + 6*x + 10. Let j(n) = -4*n**3 + 10*n**2 - 6*n - 11. Let m(d) = -5*g(d) - 4*j(d). Calculate m(w).
-6
Let k(t) be the first derivative of t**3/3 - 7*t**2/2 + 6*t + 96. Give k(5).
-4
Let f(m) be the first derivative of 2*m**5/5 - m**4/12 + m**3/6 - m**2/2 + 11*m - 9. Let p(v) be the first derivative of f(v). Give p(1).
7
Let h(i) = -i**2 + 6*i - 1. Let j(d) = -d + 5. Let m be j(4). Let b(g) = g**3 + 2*g**2 - 1. Let r be b(m). Suppose w - 4 = 0, 3*v + r = 4*w + 1. Give h(v).
4
Let y(q) = -2*q - 2327*q**2 - 2329*q**2 + 4657*q**2 - 1. What is y(2)?
-1
Suppose 2*w + 116 = 6*w. Suppose -5*u = -w + 4. Let g(f) = f**3 - 5*f**2 + f + 3. Calculate g(u).
8
Let a = 1349/66 + -212/11. Let t(y) be the second derivative of -4*y + 2*y**2 - 5/12*y**4 + 1/20*y**5 - a*y**3 + 0. Calculate t(6).
-2
Let t(w) = w**2 - 3*w + 4. Let x be t(2). Let p(b) be the third derivative of -5*b**4/24 - 13*b**2. Determine p(x).
-10
Let a(j) be the first derivative of -j**4/12 - 2*j**3/3 - j**2/2 - 25. Let i(z) be the second derivative of a(z). Determine i(-3).
2
Let p(z) = 35834*z**2 - 4*z - 35833*z**2 - 3 + 1. Give p(6).
10
Let r(i) = -2 + 5 + 2*i + 3. Let m be 1 - (0 + 0)/2 - 5. Determine r(m).
-2
Let j(k) = 7*k - 4. Let s = 508 + -506. Give j(s).
10
Let h(k) = -2*k**2 + 3*k + 3. Let r be (-1)/(-7) + (-20)/(-7). What is h(r)?
-6
Let a(t) be the first derivative of t**4/4 - 2*t**3/3 - t**2 + 3*t - 189. Determine a(-3).
-36
Let u(i) be the second derivative of -i**3/3 - 5*i**2/2 - 3*i. Suppose 16*k + 6*k = 154. Give u(k).
-19
Let g(t) = t - 6. Let h be 10 + 51 + -4*1. Suppose 5*a = -o + h - 4, 3*o = -a + 19. Suppose 2*v + a = -6*d + 2*d, 1 = -v - d. What is g(v)?
-3
Let m(v) = -2*v**2 - 4*v. Let o be (14 - 7) + (1 - 2). Let x = 8 - o. Suppose -7*d + x*d - 14 = 3*h, -2*d = 3*h + 11. Determine m(h).
-6
Let b(u) = 3 + 1 - 7 + u. Let t be (-9 - -8)*(-2 + 0 + -1). Suppose -4*z - t*x = 22, 3*z + 4*x + 11 = -x. Give b(z).
-10
Let f(p) = p + 2. Let k(c) = c - 5. Let y(a) = -5*f(a) - k(a). Calculate y(-5).
25
Let b(q) = 3527*q**2 - 2*q - 3528*q**2 + 6*q**3 + 2*q**3. Determine b(-1).
-7
Let h(j) = -2 - 14 + 17*j**2 + j**3 + 28 - 11. What is h(-17)?
1
Let t(j) be the first derivative of -j**5/120 - j**4/24 + j**3/3 + 32. Let i(d) be the third derivative of t(d). What is i(-2)?
1
Let f be (-2)/7 + 23/7. Suppose 0 = 3*w + f. Let m be w/(-1) + -2 + -3. Let d(i) = i**2 + 3*i + 1. Determine d(m).
5
Let h(f) be the second derivative of -f**5/20 - f**4/4 + f**3/3 + 2*f**2 - 5*f. Let w = 17 - 20. Determine h(w).
-2
Let k(m) = m**3 + m**2 - m - 1. Let z be 2 + 0/(-1 - -4). Suppose 4 = z*i + 4. Calculate k(i).
-1
Let d(g) be the second derivative of -g**3/6 + g**2/2 + 170*g. Calculate d(-4).
5
Let x(t) = -21*t**2 - 2*t + 1. Suppose -11*z = 5*i - 10*z, 4*z + 18 = -2*i. Give x(i).
-22
Let g(a) = -a**3 - 7*a**2 - 6*a + 8. Let x be g(-6). Let v(b) = -2*b**2 + 8*b**2 - 4 + 2*b - 9*b**3 + x*b**3. Let u = 11 - 5. What is v(u)?
8
Let x(i) = -i**3 + 7*i + 10*i**2 - 7 - 4*i**2 - 2*i**2. Suppose -27 = -3*h - 3*z, -11 = h - 0*z - 4*z. Calculate x(h).
3
Let i(o) = -o - 5. Suppose 0 = 13*t + t. Determine i(t).
-5
Let m(i) be the third derivative of -4*i**5/15 + i**3/6 + 3*i**2. Let n(x) = -x**2 + x - 1. Let h be n(0). What is m(h)?
-15
Let 